{"id":2,"date":"2010-08-23T04:16:15","date_gmt":"2010-08-23T09:16:15","guid":{"rendered":"http:\/\/rotarygherla.ro\/?page_id=2"},"modified":"2023-05-19T09:17:13","modified_gmt":"2023-05-19T06:17:13","slug":"about","status":"publish","type":"page","link":"https:\/\/www.rotarygherla.ro\/?page_id=2","title":{"rendered":"Despre noi"},"content":{"rendered":"<p><iframe loading=\"lazy\" src=\"https:\/\/player.vimeo.com\/video\/25227171\" width=\"480\" height=\"360\" frameborder=\"0\" allowfullscreen=\"allowfullscreen\"><span data-mce-type=\"bookmark\" style=\"display: inline-block; width: 0px; overflow: hidden; line-height: 0;\" class=\"mce_SELRES_start\">\ufeff<\/span><\/iframe><\/p>\n<p><iframe loading=\"lazy\" title=\"Ce este Rotary, Rotaract si Interact? Cine poate fi membru?\" width=\"500\" height=\"375\" src=\"https:\/\/www.youtube.com\/embed\/4ehU84P2y_E?feature=oembed\" frameborder=\"0\" allow=\"accelerometer; autoplay; clipboard-write; encrypted-media; gyroscope; picture-in-picture; web-share\" referrerpolicy=\"strict-origin-when-cross-origin\" allowfullscreen><\/iframe><\/p>\n<p><strong>Rotary este o asociatie apolitica, internationala, a oamenilor de afaceri si a reprezentantilor diferitelor profesii, care se implica in servicii umanitare, culturale, sportive si de caritate si &nbsp;stabileste relatii de prietenie si buna \u00een\u0163elegere intre membrii sai.<\/strong><\/p>\n<p>Asociatie de membri egali, fiecare recunoscut profesional in domeniul sau de activitate, lucreaza&nbsp; ca buni profesionisti. Rotary promoveaza idealul de a servi binele public in profesie \u015fi \u00een societate. Cultivarea relatiilor personale intre reprezentantii diferitelor profesii, meserii \u015fi bresle din comunitatea locala inseamna recunoasterea valorii oricarei activitati utile.<\/p>\n<p>Recunoscand si acceptand benevol principiile \u015fi procedurile care guverneaza activitatea Rotary International, un grup de&nbsp; initiativa a inceput demersurile infiintarii Clubului&nbsp; Rotary Gherla inca din noiembrie 2009. Grupul de prieteni a fost largit, devenind astfel club. Prietenia, respectul reciproc si increderea, voluntariatul si dorinta de a &nbsp;face impreuna mai mult decat ar face singuri, au adunat 32 de membrii fondatori ai ROTARY CLUB GHERLA care la 4 mai 2010 a fost recunoscut de catre ROTARY INTERNATIONAL ca al &nbsp;94-lea Club Rotary din Districtul 2241 Romania si Republica Moldova.<\/p>\n<p>Acest eveniment istoric pentru primul Club Rotary din Gherla s-a desfasurat in cel de-al 105-lea an de la infiintarea Rotary Interna\u0163ional. Ceremonia de chartare a clubului&nbsp;&nbsp; s-a desfasurat in data de 25 iunie 2010, in prezenta reprezentantilor altor cluburi Rotary din Districtul 2241, a oficialitatilor publice locale, a membrilor familiilor rotarienilor si a unui numeros public. Carta \u2013 \u201dactul de nastere\u201c al clubului a fost inmanata de catre Guvernatorul 2009 \u2013 2010&nbsp; al Districtului 2241, prof. univ. dr. Daniel Condurache.Primul presedinte al clubului a fost ales pentru perioada&nbsp; 1 iulie 2010 &#8211; 30 iunie 2011 , domnul Mircea Corabeanu&nbsp;(Charter President).<\/p>\n<p>Rotarienii au obligatia de a &nbsp;participa regulat la intalnirile saptamanale, prilej de a afla ce se mai intampla in celelalte profesiuni si bresle, de a participa prin mijloace financiare si prin organizare la proiectele clubului&nbsp; si de a activa in cadrul comisiilor in cele patru directii de actiune : interna , profesionala , de interes public si international.<\/p>\n<p>Conform principiului Rotary (al rotatiei) , niciun membru al clubului&nbsp; nu poate avea functia de presedinte&nbsp; decat o singura data in viata, si toate hotararile se iau de comun acord prin vot.<\/p>\n<p>Activitatile clubului se desfasoara planificat si au ca scop intarirea si promovarea valorilor principale ale Rotary: actiunile, prietenia, diversitatea, integritatea \u015fi voluntariatul. &nbsp;&nbsp;Rotarienii privesc si dincolo de nevoile personale, spre nevoile comunitare, fiindca in fiecare comunitate este ceva de facut si nu dorim sa fim &nbsp;simpli spectatori. Ne asumam raspunderea, pentru ca putem si trebuie.<\/p>\n<p>\u201cPretul maretiei este responsabilitatea\u201d ,<\/p>\n<p>iar responsabilitatea depinde de fiecare dintre noi. Fiindca numai impreuna putem face un Rotary mai puternic, o lume mai sanatoasa, si mai buna.<\/p>\n<p>\u201cViitorul este in mainile noastre\u201d.<\/p>\n","protected":false},"excerpt":{"rendered":"<p>\ufeff Rotary este o asociatie apolitica, internationala, a oamenilor de afaceri si a reprezentantilor diferitelor profesii, care se implica in servicii umanitare, culturale, sportive si de caritate si &nbsp;stabileste relatii de prietenie si buna \u00een\u0163elegere intre membrii sai. Asociatie de membri egali, fiecare recunoscut profesional in domeniul sau de activitate, lucreaza&nbsp; ca buni profesionisti. Rotary [&hellip;]<\/p>\n","protected":false},"author":1,"featured_media":0,"parent":0,"menu_order":0,"comment_status":"open","ping_status":"open","template":"","meta":{"ngg_post_thumbnail":0,"footnotes":""},"class_list":["post-2","page","type-page","status-publish","hentry"],"jetpack_sharing_enabled":true,"_links":{"self":[{"href":"https:\/\/www.rotarygherla.ro\/index.php?rest_route=\/wp\/v2\/pages\/2","targetHints":{"allow":["GET"]}}],"collection":[{"href":"https:\/\/www.rotarygherla.ro\/index.php?rest_route=\/wp\/v2\/pages"}],"about":[{"href":"https:\/\/www.rotarygherla.ro\/index.php?rest_route=\/wp\/v2\/types\/page"}],"author":[{"embeddable":true,"href":"https:\/\/www.rotarygherla.ro\/index.php?rest_route=\/wp\/v2\/users\/1"}],"replies":[{"embeddable":true,"href":"https:\/\/www.rotarygherla.ro\/index.php?rest_route=%2Fwp%2Fv2%2Fcomments&post=2"}],"version-history":[{"count":26,"href":"https:\/\/www.rotarygherla.ro\/index.php?rest_route=\/wp\/v2\/pages\/2\/revisions"}],"predecessor-version":[{"id":2428,"href":"https:\/\/www.rotarygherla.ro\/index.php?rest_route=\/wp\/v2\/pages\/2\/revisions\/2428"}],"wp:attachment":[{"href":"https:\/\/www.rotarygherla.ro\/index.php?rest_route=%2Fwp%2Fv2%2Fmedia&parent=2"}],"curies":[{"name":"wp","href":"https:\/\/api.w.org\/{rel}","templated":true}]}}